y - 8 = -g + 9. What is the remainder when u is divided by g?
12
Suppose -2*r + r = -45. Suppose 0 = 11*p - 24 - 152. Calculate the remainder when r is divided by p.
13
Let b(h) = 2*h**3 + 4*h - 3. Let s be b(1). Suppose 310 = 5*z + 5*v, -46 = -3*z + 2*z + s*v. What is the remainder when 167 is divided by z?
51
Let m = 91 + -86. Calculate the remainder when 136/1 - (0 + m) is divided by 34.
29
Let t(k) = -7*k + 42. Calculate the remainder when 167 is divided by t(0).
41
Let q be (-3)/(54/(-4)) + (-300)/(-108). Let i(a) = 32*a - 9. Let u = -5 + 27. Calculate the remainder when i(q) is divided by u.
21
Let p = 31 + 32. Suppose 52 = -i + 3*i + 5*t, 3*i - 5*t = 28. Calculate the remainder when p is divided by i.
15
Suppose 183 = 7*i + 71. Calculate the remainder when 53 is divided by i.
5
Let o = -13 - -117. Calculate the remainder when o is divided by 27.
23
Let n = 10 + -7. Let i be 0/((-9)/n - -1). Suppose y + i = 15. Calculate the remainder when 41 is divided by y.
11
Let a(x) = -4*x. Let q be a(-1). Suppose 4*k + q*s - 12 = 0, 4*s = -3*k + k. Suppose -k*b + 5 = -31. Calculate the remainder when b is divided by 4.
2
Let l(c) = 4*c**2 - c - 1. Let f(v) = -9 + 6*v + 8 - 5*v + 37*v**2. Calculate the remainder when f(-1) is divided by l(2).
9
Suppose 4*p - 146 = -58. Calculate the remainder when 87 is divided by p.
21
Let o(b) = b**2 + 4*b + 1. Let y = 10 + -5. Suppose 4*a + 3*c + 8 = -c, 0 = 3*a + y*c. What is the remainder when o(a) is divided by 4?
2
Let a(b) = -9*b - 95. Calculate the remainder when a(-18) is divided by 25.
17
Suppose 67*s - 2849 + 705 = 0. What is the remainder when s is divided by 17?
15
Let p(g) = g**2 - 1. Let q be p(-3). Calculate the remainder when 46 is divided by (-9)/(-2 + 10/q).
10
Let k be 5*7/((-70)/76). Let o(g) = -34*g - 1. Let d be o(-2). Let j = d + k. What is the remainder when j is divided by 16?
13
Calculate the remainder when 455 is divided by 41302/1737 - 2/(-9).
23
Suppose -36 = -5*s + 24. Let k(u) be the second derivative of u**3/6 + 8*u**2 + 6*u. What is the remainder when k(16) is divided by s?
8
Suppose -4*c + 11 = -f, f + 3*f - 24 = -c. Suppose -5*g = c*u - 238, 6*u - 8 = 2*u. Let s = 12 + g. Calculate the remainder when s is divided by 20.
18
Let h = -19 - -24. Let i(d) = d**2 + d - 6. Calculate the remainder when 69 is divided by i(h).
21
Suppose 3*k - 68 = 2*k. Suppose -f + 3*u = -9, 8*f + 4*u - 84 = 4*f. Calculate the remainder when k is divided by f.
14
What is the remainder when 14 is divided by (1 - 36)/(80/(-32))?
0
Let n be (-2)/(((-10)/8)/(-5)). Let v(s) = -s**2 - 53*s + 239. Calculate the remainder when (-258)/n - (-2)/(-8) is divided by v(-57).
10
Let s be -56 - (0/(0 + -3) - 0). Let v = -7 - s. Calculate the remainder when v is divided by 17.
15
Let j = 87 + -71. Calculate the remainder when 174 is divided by j.
14
Let v = -15 + 180. What is the remainder when v is divided by 24?
21
Calculate the remainder when 158 is divided by (4/(-16))/(9/(-1044)).
13
Suppose 0*r - r + 365 = -4*t, 0 = -2*r + 4*t + 750. What is the remainder when (1*2*-4)/((-70)/r) is divided by 9?
8
Suppose -4*r = 4*z - 212, 3*z = -4*r - 2*z + 215. Calculate the remainder when r is divided by 6*3*(-6)/(-4).
23
What is the remainder when 33 is divided by ((-80)/(-12))/10*27/2?
6
Let r = -325 + 350. Calculate the remainder when 63 is divided by r.
13
Let s(t) = -t**3 + 10*t**2 - 5*t - 7. Let j(y) = -y**3 + y**2 + y + 6. What is the remainder when s(9) is divided by j(0)?
5
Let g(d) = 8*d + 1 + d**3 - 1 + 3*d**2 - 5 - 7*d**2. What is the remainder when g(6) is divided by 29?
28
Let u be 2 + 1*24 - (-7 + 4). Let n = 59 - u. What is the remainder when 87 is divided by n?
27
Let v = 18 + -4. Suppose -2*n = -4*w - 22, -n = -w - 11 - 1. Let h(q) = -q**3 + 14*q**2 - 12*q - 9. What is the remainder when v is divided by h(n)?
2
Let o(v) = v**2 - 34*v - 59. Calculate the remainder when o(-12) is divided by 13.
12
Let k = -8 + 78. What is the remainder when k is divided by (12/(-10))/((-10)/75 + 0)?
7
Let q be (1 + -2)/((-1)/3). Suppose 3*j - q*i - 111 = 0, j - 9 = 5*i + 12. Let u = 711 + -689. Calculate the remainder when j is divided by u.
19
Let o = -156 - -162. Suppose 0 = o*q - 14*q + 792. Calculate the remainder when q is divided by 17.
14
Let h = 205 + -198. What is the remainder when 30 is divided by h?
2
Suppose -q + 39 = -42. Calculate the remainder when q is divided by 21.
18
Let c(o) = -o**3 - 3*o**2 + 2*o + 12. Calculate the remainder when 190 is divided by c(0).
10
Suppose -452*s = -463*s + 891. Suppose 0 = 3*a + 3*n - 78, -62 - 18 = -5*a + 5*n. Calculate the remainder when s is divided by a.
18
Let x = -42 + 47. Let j(f) = 5*f**2 - 5*f + 8. What is the remainder when j(x) is divided by 37?
34
Let j = 241 - 79. What is the remainder when j is divided by 61?
40
Let f = -54 - -66. Suppose -344 = f*z - 16*z. What is the remainder when z is divided by 11?
9
Let o(v) be the second derivative of -v**5/20 + 5*v**4/6 + v**3/2 - 3*v**2/2 - 4*v. Calculate the remainder when 53 is divided by o(10).
26
Suppose 3*i + 5*z - 79 = 105, 270 = 5*i + z. Let p = -206 - -124. What is the remainder when i is divided by 2/6 + p/(-6)?
11
Suppose b - 5 + 0 = 0. Suppose -f + b*f = 24. Suppose 115 = 3*z + 2*z. Calculate the remainder when z is divided by f.
5
Let i = 164 + -214. Let o = -35 - i. What is the remainder when 55 is divided by o?
10
Let a(q) = 9*q + 93. Let u be a(-9). Calculate the remainder when (-9)/u - 4/((-96)/882) is divided by (-1)/2 + (-42)/(-4).
6
Let h(n) be the third derivative of -5*n**4/24 - 8*n**3/3 + 19*n**2. Calculate the remainder when 17 is divided by h(-5).
8
Let u = 100 - 57. Let w(b) = 2*b**2 + 4. Suppose -j + 4*r = 8 - 31, 0 = 3*j - 3*r - 24. Calculate the remainder when u is divided by w(j).
21
Suppose 37*y = 87*y - 16850. What is the remainder when y is divided by 57?
52
Let n = 1419 + 118. What is the remainder when n is divided by 70?
67
Let w(g) = g. Suppose 4*s + 4*q = s - 14, -5*s - q - 46 = 0. What is the remainder when (-318)/(-27) - s/45 is divided by w(5)?
2
Suppose 10*l = 112 - 42. Suppose -2*f = -1 - 9. What is the remainder when l is divided by f?
2
Suppose 6*j - 35 = j. Let y(a) = -a**2 + 3*a + 4. Let c(p) = -p**2 + 4*p + 3. Let i(h) = 5*c(h) - 4*y(h). Calculate the remainder when 23 is divided by i(j).
5
Let k = -55 + 107. Calculate the remainder when 882 is divided by k.
50
Let v(w) = -w**3 - 5*w**2 + 5*w - 2. Let t be v(-6). Suppose 9*j = t*j + 170. Let g = -28 + j. What is the remainder when 15 is divided by g?
3
Suppose -3*a + 120 = 3*t, 4*a - 2*t + 7 - 173 = 0. Suppose -3*g + 45 = -30. Calculate the remainder when a is divided by g.
16
Let a(n) = 3*n - 1. Calculate the remainder when (-5)/35 + (-940)/(-14) is divided by a(5).
11
Let k(t) = -2*t**3 - 15*t**2 + 29*t + 23. Calculate the remainder when k(-9) is divided by -5*(2 - (0 + 3)).
0
Suppose -5*i + 156 = -w - w, -2*i - w = -66. Let b(a) = -a - 12. Let p(q) = 1. Let d(o) = -b(o) - p(o). Calculate the remainder when i is divided by d(6).
15
Suppose -26*k + 8 = -70. What is the remainder when 167 is divided by k?
2
Suppose 82*o - 81*o - 2 = 0. Calculate the remainder when 3 is divided by o.
1
Suppose 0 = -5*w - x + 12 + 7, 0 = 2*w + 2*x - 6. Calculate the remainder when 89 is divided by -1 + 64/(w/2).
27
Let c(f) = f**3 - f + 16. Let n = -7 - -7. Let d be c(n). What is the remainder when 11/88 + 894/d is divided by 19?
18
Suppose -53 = -3*g - u, 3*u - 3 = 3. Suppose -23*a = -20*a - 639. Suppose 7*r - a - 123 = 0. Calculate the remainder when r is divided by g.
14
Suppose 2*c = -4*s + 492, 398 = 2*c + 2*s - 92. What is the remainder when c is divided by 19?
16
Suppose 0 = -h + 3*h - 42. Let j = 121 - h. Calculate the remainder when j is divided by 34.
32
Suppose 0*m + 3*m = -21. Let b(i) = -i**3 - 6*i**2 + 8*i - 3. Let t be b(m). Let w = -1 - t. Calculate the remainder when 16 is divided by w.
7
Let h = -188 - -278. Let s(j) = -j**2 - 14*j - 17. What is the remainder when h is divided by s(-10)?
21
Let q(n) = n**3 - n**2 + 17. Let h be q(0). Suppose 4*v = 3*v + h. What is the remainder when 169 is divided by v?
16
Suppose -3*j = 7*z - 9*z + 576, -j + 853 = 3*z. What is the remainder when z is divided by 11?
10
Let v = -13 + 6. Let c =